b(-2). Let i(n) = 2*n**2 - 8*n + 3. Let z be i(g). Let k = z - 6. List the prime factors of k.
7
Let r(x) = -x**3 - x. Suppose -m + 0*m = -5. Let w be 5/(75/(-6))*m. What are the prime factors of r(w)?
2, 5
Suppose 5*h - 54 = 4*h. List the prime factors of h.
2, 3
Suppose 20 = 5*k + 4*s, s + 3 = k - 1. Let u(g) = g**2 + 3*g + 4. Let w be u(5). Suppose 4*p = -3*o + 2*o + 17, k*o = -4*p + w. List the prime factors of o.
3
Let s(a) be the first derivative of a**2 - 3*a - 1. Let h be s(2). Let x = 5 + h. What are the prime factors of x?
2, 3
Let r = 329 + -211. List the prime factors of r.
2, 59
Let r(q) = 2*q + 13. Let n(z) = -2. Let l(o) = 14*n(o) + 2*r(o). What are the prime factors of l(4)?
2, 7
Let q be 2/6 + 595/15. Let b = q - 11. What are the prime factors of b?
29
Let t = -89 + 125. List the prime factors of t.
2, 3
Suppose -5*m + 220 = -2*k, m = 3*m - 4*k - 88. What are the prime factors of m?
2, 11
List the prime factors of 3/(-1) - 0 - -75.
2, 3
Suppose 237 = 5*r - z, 7*r + 4*z - 252 = 2*r. List the prime factors of r.
2, 3
Let i(m) = 6*m**2 + 11*m + 9. Let b(p) = -3*p**2 - 6*p - 5. Let z(y) = 5*b(y) + 3*i(y). What are the prime factors of z(-3)?
2, 5
Let t(w) = w**2 - 6*w - 2. Let g be t(7). Suppose 0*f = g*f - 15. Suppose m - 2*z = 3, -5*m + f*z + 29 = -0*m. What are the prime factors of m?
7
Let h = 273 + -38. What are the prime factors of h?
5, 47
Suppose -5*p = -3*w - 2, 3*p = 2*w - 7*w + 8. Let n be -3 + w - (-1 + 5). List the prime factors of n/(-4)*(-40)/(-15).
2
Let f(v) = -v**2 + 5*v + 1. Let y be f(3). Suppose r = -y + 1. Let i(s) = -s**3 - 5*s**2 + 6*s + 7. What are the prime factors of i(r)?
7
Let i = 0 - 0. Suppose i*b = -2*o - 5*b - 10, b + 2 = 0. Suppose -u + 2 = -o*u. What are the prime factors of u?
2
Suppose -2*q + 37 = 3. Suppose 0 = -2*h + 2*c - 1 + q, 5*h + c = 34. What are the prime factors of h?
7
Let u(v) = v**3 - 8*v**2 + 10*v - 7. List the prime factors of u(7).
2, 7
Suppose -27 = -3*o - 3*x, 0 = -5*x - 0*x + 15. List the prime factors of o.
2, 3
Suppose -v = -2*v + 2. Suppose 16 = 5*x - i - v*i, 0 = x + 5*i + 8. Suppose x = a - z, z = -2*a + 18 - 5. What are the prime factors of a?
5
Let p(f) = -5 - 4 - 12*f + 8. What are the prime factors of p(-1)?
11
Suppose 0 = 2*s - 6*s + 24. Suppose -4 = -5*v + s. Suppose 0*a - 6 = -v*a. What are the prime factors of a?
3
Let t be (2*-1)/((-13)/(-52)). What are the prime factors of -1 + (-44)/t*10?
2, 3
Let w = 8 + 12. Let b be w - ((-1)/1 - -2). Let n = -8 + b. List the prime factors of n.
11
Let l(j) = j - 4. Suppose -n = -v + 2*n + 23, 5*n + 1 = -3*v. List the prime factors of l(v).
2
Let o(g) = 5*g - 5. What are the prime factors of o(2)?
5
Suppose 12*g - 18*g + 654 = 0. List the prime factors of g.
109
Let c = -2 - -4. Suppose -c*y - 2*y - u = 0, -u = -y. Suppose -2*r + 0*r = 5*d - 29, 4*r - d - 47 = y. List the prime factors of r.
2, 3
Let l(q) = -2*q**3 - 2*q**2. Let f(o) = -o + 1. Let a be f(4). List the prime factors of l(a).
2, 3
Suppose -5*s - 3*d = -15, 0 = 4*s - d - 2*d - 12. Let o(f) = 2*f + 3. Let q(x) = 2*x + 3. Let c(u) = 6*o(u) - 5*q(u). List the prime factors of c(s).
3
Let h(x) be the second derivative of x**7/360 - x**6/720 + x**5/120 - x**4/12 + x. Let i(y) be the third derivative of h(y). What are the prime factors of i(1)?
7
Suppose 6*q - 50 = 1072. List the prime factors of q.
11, 17
Let j(u) = -u**3 + 4*u**2 - 4*u + 3. Let h(z) = z**2 - 8*z + 10. Let t be h(7). Let i be j(t). Suppose i*y - 13 = -y. What are the prime factors of y?
13
Let c(p) = -p + 1. Let g be c(-4). Suppose -5*s = -5*y - 31 + 211, 108 = 3*y - g*s. List the prime factors of y.
2, 3
Let u be (4 + 0)*(-2)/(-4). Suppose a = -u*a + 48. What are the prime factors of a?
2
Suppose 2*z - 247 = -p, -5*z + 378 = 3*p - 237. List the prime factors of z.
2, 3, 7
Let t be (-4)/3*3/(-2). Let c = 11 - t. List the prime factors of c.
3
Suppose 5*a + 67 + 70 = -m, 4*m = 3*a + 96. Let d = 14 + a. List the prime factors of (-2)/(-7) - 38/d.
3
Let q(n) = 0*n + n + 0*n - 7 - 2*n. Let f be q(-6). List the prime factors of (-7 - (-3 - f))*-2.
2, 5
Let g(b) = 30*b + 10. List the prime factors of g(3).
2, 5
Suppose 4*u = j - 64, -3*u + 408 = 5*j - u. List the prime factors of j.
2, 5
Let q = -46 - -21. Let f = 46 + q. Let d = f + -8. List the prime factors of d.
13
Suppose 4*i = 4*l - 476, l - 3*l + 4*i + 240 = 0. List the prime factors of l.
2, 59
Suppose 13 = 2*u - 11. Suppose -u = -2*k + t, -2*k + 3*k + 4*t = 6. What are the prime factors of k?
2, 3
Let d be 8/40 - 48/(-10). Suppose -d*n = -42 - 58. List the prime factors of n.
2, 5
Let i(g) = -31*g + 1. List the prime factors of i(-1).
2
Let w(b) = b**2 - 1. Let v(d) = 4*d**2 - 3*d - 2. Let l(u) = v(u) - 5*w(u). Let r be l(2). Let i = r - -15. What are the prime factors of i?
2
Let i be (-3)/(-2) + (-9)/6. Let l be 4/18 + (-25)/(-9). Suppose i*q - q + l = 0. What are the prime factors of q?
3
Suppose -2*c = 2*c - 348. List the prime factors of c.
3, 29
Let i(j) be the first derivative of -j**4/4 + 7*j**3/3 + 5*j**2 - 5*j - 4. What are the prime factors of i(8)?
11
Let n = 3 + -1. Suppose -6*d + 28 = -n*d. Let z = d + -4. List the prime factors of z.
3
Let a(g) = g**2 - 6*g + 6. Let u be a(6). Suppose 8 = h - u. What are the prime factors of h?
2, 7
Let y be 252/(-20) + 4/(-10). Let d = 2 - y. List the prime factors of d.
3, 5
Let m be (0 + -1 - -3)*2. Suppose -7*v + 5*g - 2 = -3*v, -m*g = -3*v - 2. What are the prime factors of v?
2
Let i = 1 - -6. Suppose 19 = 4*w + i. What are the prime factors of w?
3
Let w = 4 + -4. Suppose w*x = -x - 1. Let c(o) = 12*o**2 - 2*o - 1. What are the prime factors of c(x)?
13
Let y = 159 + -14. What are the prime factors of y?
5, 29
Let k = -75 + 184. What are the prime factors of k?
109
Let h(p) = p - 3. Let b be h(6). Let l(q) be the third derivative of -q**6/120 + q**5/15 - q**4/12 + q**3/6 + 2*q**2. List the prime factors of l(b).
2
Let o(s) be the first derivative of s**2/2 + 24*s - 3. What are the prime factors of o(-13)?
11
Let n(r) = -46*r**3 + r**2 + 2*r + 1. Let w be n(-1). Let a = w + -28. What are the prime factors of a?
2, 3
Suppose p + 5 = 2*p. Suppose 0 = -4*d - p*t + 49, 1 = d - t - 0. List the prime factors of d.
2, 3
Let t(x) = -x**3 - 7*x**2 + 2*x + 7. Let z be t(-7). Let v = -1 - z. What are the prime factors of v?
2, 3
List the prime factors of (390/(-15))/((-6)/27*3).
3, 13
Let y = 18 + -11. Suppose -y = -2*k + 23. What are the prime factors of k?
3, 5
Let h = 27 + 32. List the prime factors of h.
59
List the prime factors of 144 - 6/9*3.
2, 71
Suppose 3*g = -2*w - 39, 77 = -4*g - 3*w + 25. Let d = g + 18. List the prime factors of d.
5
Let n(c) = -c + 10. Suppose 46 = -3*y + 5*y. Suppose -y = -4*u - r, 2*u - r = -5 + 24. List the prime factors of n(u).
3
List the prime factors of 27*(6/9 - 0).
2, 3
Let g = 124 + -27. What are the prime factors of g?
97
Let k = -3 + 1. Let h be 1/k - 7/(-2). Suppose 20 - 5 = h*x. What are the prime factors of x?
5
Let n(s) = s**2 - s - 5. Let i(f) = f**3 - 5*f**2 - 5*f - 2. Suppose 3*q - 12 = q. Let u be i(q). List the prime factors of n(u).
7
Let l be 3*6 + (-5 - -2). What are the prime factors of 10*(39/l - 2)?
2, 3
Let r be ((-16)/(-12))/(1/(-12)). Let i = -2 - r. List the prime factors of i.
2, 7
Let a be (35/7)/(0 - -1). Let h(y) = -y + 10. What are the prime factors of h(a)?
5
Suppose 0 = 3*d - 179 - 109. Suppose -5*w + d = w. What are the prime factors of w?
2
What are the prime factors of 32 + 0 - (1 - 4)?
5, 7
Suppose -51 + 13 = -2*w. What are the prime factors of w?
19
Let u(b) be the second derivative of b**4/6 + b**3/6 + b**2/2 - 2*b. List the prime factors of u(-1).
2
Suppose -423 = -2*v - 3*z + 207, v - 5*z = 302. What are the prime factors of v?
2, 3, 13
List the prime factors of (180 - -8 - 1/1) + 2.
3, 7
Let f be (1 - 2)*(-3)/3. Let x = f - -3. What are the prime factors of (-1)/((-4)/2)*x?
2
Suppose 3*o - 6 + 0 = 0. Suppose -41 = -o*h - 5. What are the prime factors of h?
2, 3
Suppose -j - u - 13 = 3*j, 2*u + 8 = -2*j. Let t(y) = -y**3 - 2*y**2 + 3*y - 3. Let c be t(j). Let l(f) = f**2 + 3*f + 3. What are the prime factors of l(c)?
3
Let r = -244 - -546. What are the prime factors of r?
2, 151
Suppose -a - 3*a + 28 = 0. What are the prim